{"id":55,"date":"2022-11-09T14:23:41","date_gmt":"2022-11-09T14:23:41","guid":{"rendered":"http:\/\/kindergruppefh-erlangen.de\/?page_id=55"},"modified":"2025-05-28T12:31:37","modified_gmt":"2025-05-28T12:31:37","slug":"individelle-beratungen","status":"publish","type":"page","link":"http:\/\/kindergruppefh-erlangen.de\/startseite\/individelle-beratungen\/","title":{"rendered":"Individuelle Beratung"},"content":{"rendered":"\n<p>Die <strong>Kinder und Jugendlichen<\/strong>, welche mit ihren M\u00fcttern im Frauenhaus leben haben spezielle Bedarfe vor allem durch ihre Gewalterfahrungen. Die Lebensver\u00e4nderungen (z.B. durch den Umzug), das Leben im Frauenhaus selbst, sowie der Umgang mit ihrer Situation in ihrem Umfeld sind herausfordernd f\u00fcr Frauen und Kinder.<\/p>\n\n\n\n<p><em>Kinder und Jugendliche finden bei uns in der JugendKinderHaus FH Ansprechpartnerinnen<\/em>. <br>Wir sind eine Anlaufstelle f\u00fcr die Kinder und Jugendlichen, bieten f\u00fcr alle Belange und Probleme Beratungen an.<\/p>\n\n\n\n<p>Das Thema der h\u00e4uslichen Gewalt wird in Schulen, Horten und Kindertagesst\u00e4tten selten angesprochen, selbst Anlaufstellen wie Vertrauenslehrer:innen werden kaum hinsichtlich dieser Problematiken als Ansprechpersonen genutzt. Au\u00dferdem sind die Kinder und Jugendlichen zur Geheimhaltung ihres Wohnorts verpflichtet und die Situation ist oft schambehaftet. Durch unsere Parteilichkeit bieten wir den Kindern und Jugendlichen eine eigene niedrigschwellig Anlaufstelle unabh\u00e4ngig von ihren M\u00fcttern und folgen damit dem Bedarf des Kindes oder Jugendlichen, dass ihnen vorbehaltlos geglaubt wird.<\/p>\n\n\n\n<p>Neben den ihre Situation betreffenden Beratungsgespr\u00e4chen finden auch regelm\u00e4\u00dfig alltagsnahe Themen Eingang in die p\u00e4dagogische Arbeit.<br>Themen k\u00f6nnen zum Beispiel sein:<\/p>\n\n\n\n<ul class=\"wp-block-list\">\n<li>Schule (Probleme, Leistung, \u00dcbertritt,&#8230;)<\/li>\n\n\n\n<li>Berufsorientierung<\/li>\n\n\n\n<li>Alltagsrelevante oder Lebensweltspezifische Themen<\/li>\n\n\n\n<li>(Neu-)Orientierung in ihrem aktuellen Umfeld <\/li>\n\n\n\n<li>Zwischenmenschliche Beziehungen (Freundschaften, Familie, Paarbeziehungen&#8230;)<\/li>\n\n\n\n<li>&#8230; <\/li>\n<\/ul>\n\n\n\n<p>Ohne die <strong>Arbeit mit den M\u00fcttern<\/strong> w\u00e4re eine qualitative Arbeit mit den Kindern und Jugendlichen nur schwer m\u00f6glich. So finden auch auf Anfrage der M\u00fctter oder deren Kindern oder bei ersichtlichem Bedarf Beratungsgespr\u00e4che mit den M\u00fcttern statt. Dies kann sich von informellen, akut-situativen Beratungen bis hin zu langfristigen aufeinander aufbauenden Beratungsterminen erstrecken. <\/p>\n\n\n\n<p>Themen sind hier vor allem die Erziehung oder F\u00f6rderung bzw. der Umgang mit dem Kind\/Jugendlichen und dessen Gewalterfahrungen. <\/p>\n","protected":false},"excerpt":{"rendered":"<p>Die Kinder und Jugendlichen, welche mit ihren M\u00fcttern im Frauenhaus leben haben spezielle Bedarfe vor allem durch ihre Gewalterfahrungen. Die Lebensver\u00e4nderungen (z.B. durch den Umzug), das Leben im Frauenhaus selbst, sowie der Umgang mit ihrer Situation in ihrem Umfeld sind herausfordernd f\u00fcr Frauen und Kinder. Kinder und Jugendliche finden bei uns in der JugendKinderHaus FH [&hellip;]<\/p>\n","protected":false},"author":1,"featured_media":0,"parent":0,"menu_order":0,"comment_status":"closed","ping_status":"closed","template":"","meta":{"footnotes":""},"class_list":["post-55","page","type-page","status-publish","hentry"],"yoast_head":"<!-- This site is optimized with the Yoast SEO plugin v25.6 - https:\/\/yoast.com\/wordpress\/plugins\/seo\/ -->\n<title>Individuelle Beratung - JugendKinderHaus FH e.V.<\/title>\n<meta name=\"description\" content=\"Wir sind als Ansprechpartnerinnen f\u00fcr die Kinder und Jugendlichen im Frauenhaus da, welche v.a. aufgrund von Gewalterfahrungen spezielle Bedarfe haben.\" \/>\n<meta name=\"robots\" content=\"index, follow, max-snippet:-1, max-image-preview:large, max-video-preview:-1\" \/>\n<link rel=\"canonical\" href=\"http:\/\/kindergruppefh-erlangen.de\/startseite\/individelle-beratungen\/\" \/>\n<meta property=\"og:locale\" content=\"de_DE\" \/>\n<meta property=\"og:type\" content=\"article\" \/>\n<meta property=\"og:title\" content=\"Individuelle Beratung - JugendKinderHaus FH e.V.\" \/>\n<meta property=\"og:description\" content=\"Wir sind als Ansprechpartnerinnen f\u00fcr die Kinder und Jugendlichen im Frauenhaus da, welche v.a. aufgrund von Gewalterfahrungen spezielle Bedarfe haben.\" \/>\n<meta property=\"og:url\" content=\"http:\/\/kindergruppefh-erlangen.de\/startseite\/individelle-beratungen\/\" \/>\n<meta property=\"og:site_name\" content=\"JugendKinderHaus FH e.V.\" \/>\n<meta property=\"article:modified_time\" content=\"2025-05-28T12:31:37+00:00\" \/>\n<meta name=\"twitter:card\" content=\"summary_large_image\" \/>\n<meta name=\"twitter:label1\" content=\"Gesch\u00e4tzte Lesezeit\" \/>\n\t<meta name=\"twitter:data1\" content=\"2 Minuten\" \/>\n<script type=\"application\/ld+json\" class=\"yoast-schema-graph\">{\"@context\":\"https:\/\/schema.org\",\"@graph\":[{\"@type\":\"WebPage\",\"@id\":\"http:\/\/kindergruppefh-erlangen.de\/startseite\/individelle-beratungen\/\",\"url\":\"http:\/\/kindergruppefh-erlangen.de\/startseite\/individelle-beratungen\/\",\"name\":\"Individuelle Beratung - JugendKinderHaus FH e.V.\",\"isPartOf\":{\"@id\":\"http:\/\/kindergruppefh-erlangen.de\/startseite\/#website\"},\"datePublished\":\"2022-11-09T14:23:41+00:00\",\"dateModified\":\"2025-05-28T12:31:37+00:00\",\"description\":\"Wir sind als Ansprechpartnerinnen f\u00fcr die Kinder und Jugendlichen im Frauenhaus da, welche v.a. aufgrund von Gewalterfahrungen spezielle Bedarfe haben.\",\"breadcrumb\":{\"@id\":\"http:\/\/kindergruppefh-erlangen.de\/startseite\/individelle-beratungen\/#breadcrumb\"},\"inLanguage\":\"de-DE\",\"potentialAction\":[{\"@type\":\"ReadAction\",\"target\":[\"http:\/\/kindergruppefh-erlangen.de\/startseite\/individelle-beratungen\/\"]}]},{\"@type\":\"BreadcrumbList\",\"@id\":\"http:\/\/kindergruppefh-erlangen.de\/startseite\/individelle-beratungen\/#breadcrumb\",\"itemListElement\":[{\"@type\":\"ListItem\",\"position\":1,\"name\":\"Startseite\",\"item\":\"http:\/\/kindergruppefh-erlangen.de\/startseite\/\"},{\"@type\":\"ListItem\",\"position\":2,\"name\":\"Individuelle Beratung\"}]},{\"@type\":\"WebSite\",\"@id\":\"http:\/\/kindergruppefh-erlangen.de\/startseite\/#website\",\"url\":\"http:\/\/kindergruppefh-erlangen.de\/startseite\/\",\"name\":\"JugendKinderHaus FH e.V.\",\"description\":\"\",\"potentialAction\":[{\"@type\":\"SearchAction\",\"target\":{\"@type\":\"EntryPoint\",\"urlTemplate\":\"http:\/\/kindergruppefh-erlangen.de\/startseite\/?s={search_term_string}\"},\"query-input\":{\"@type\":\"PropertyValueSpecification\",\"valueRequired\":true,\"valueName\":\"search_term_string\"}}],\"inLanguage\":\"de-DE\"}]}<\/script>\n<!-- \/ Yoast SEO plugin. -->","yoast_head_json":{"title":"Individuelle Beratung - JugendKinderHaus FH e.V.","description":"Wir sind als Ansprechpartnerinnen f\u00fcr die Kinder und Jugendlichen im Frauenhaus da, welche v.a. aufgrund von Gewalterfahrungen spezielle Bedarfe haben.","robots":{"index":"index","follow":"follow","max-snippet":"max-snippet:-1","max-image-preview":"max-image-preview:large","max-video-preview":"max-video-preview:-1"},"canonical":"http:\/\/kindergruppefh-erlangen.de\/startseite\/individelle-beratungen\/","og_locale":"de_DE","og_type":"article","og_title":"Individuelle Beratung - JugendKinderHaus FH e.V.","og_description":"Wir sind als Ansprechpartnerinnen f\u00fcr die Kinder und Jugendlichen im Frauenhaus da, welche v.a. aufgrund von Gewalterfahrungen spezielle Bedarfe haben.","og_url":"http:\/\/kindergruppefh-erlangen.de\/startseite\/individelle-beratungen\/","og_site_name":"JugendKinderHaus FH e.V.","article_modified_time":"2025-05-28T12:31:37+00:00","twitter_card":"summary_large_image","twitter_misc":{"Gesch\u00e4tzte Lesezeit":"2 Minuten"},"schema":{"@context":"https:\/\/schema.org","@graph":[{"@type":"WebPage","@id":"http:\/\/kindergruppefh-erlangen.de\/startseite\/individelle-beratungen\/","url":"http:\/\/kindergruppefh-erlangen.de\/startseite\/individelle-beratungen\/","name":"Individuelle Beratung - JugendKinderHaus FH e.V.","isPartOf":{"@id":"http:\/\/kindergruppefh-erlangen.de\/startseite\/#website"},"datePublished":"2022-11-09T14:23:41+00:00","dateModified":"2025-05-28T12:31:37+00:00","description":"Wir sind als Ansprechpartnerinnen f\u00fcr die Kinder und Jugendlichen im Frauenhaus da, welche v.a. aufgrund von Gewalterfahrungen spezielle Bedarfe haben.","breadcrumb":{"@id":"http:\/\/kindergruppefh-erlangen.de\/startseite\/individelle-beratungen\/#breadcrumb"},"inLanguage":"de-DE","potentialAction":[{"@type":"ReadAction","target":["http:\/\/kindergruppefh-erlangen.de\/startseite\/individelle-beratungen\/"]}]},{"@type":"BreadcrumbList","@id":"http:\/\/kindergruppefh-erlangen.de\/startseite\/individelle-beratungen\/#breadcrumb","itemListElement":[{"@type":"ListItem","position":1,"name":"Startseite","item":"http:\/\/kindergruppefh-erlangen.de\/startseite\/"},{"@type":"ListItem","position":2,"name":"Individuelle Beratung"}]},{"@type":"WebSite","@id":"http:\/\/kindergruppefh-erlangen.de\/startseite\/#website","url":"http:\/\/kindergruppefh-erlangen.de\/startseite\/","name":"JugendKinderHaus FH e.V.","description":"","potentialAction":[{"@type":"SearchAction","target":{"@type":"EntryPoint","urlTemplate":"http:\/\/kindergruppefh-erlangen.de\/startseite\/?s={search_term_string}"},"query-input":{"@type":"PropertyValueSpecification","valueRequired":true,"valueName":"search_term_string"}}],"inLanguage":"de-DE"}]}},"_links":{"self":[{"href":"http:\/\/kindergruppefh-erlangen.de\/startseite\/wp-json\/wp\/v2\/pages\/55"}],"collection":[{"href":"http:\/\/kindergruppefh-erlangen.de\/startseite\/wp-json\/wp\/v2\/pages"}],"about":[{"href":"http:\/\/kindergruppefh-erlangen.de\/startseite\/wp-json\/wp\/v2\/types\/page"}],"author":[{"embeddable":true,"href":"http:\/\/kindergruppefh-erlangen.de\/startseite\/wp-json\/wp\/v2\/users\/1"}],"replies":[{"embeddable":true,"href":"http:\/\/kindergruppefh-erlangen.de\/startseite\/wp-json\/wp\/v2\/comments?post=55"}],"version-history":[{"count":8,"href":"http:\/\/kindergruppefh-erlangen.de\/startseite\/wp-json\/wp\/v2\/pages\/55\/revisions"}],"predecessor-version":[{"id":244,"href":"http:\/\/kindergruppefh-erlangen.de\/startseite\/wp-json\/wp\/v2\/pages\/55\/revisions\/244"}],"wp:attachment":[{"href":"http:\/\/kindergruppefh-erlangen.de\/startseite\/wp-json\/wp\/v2\/media?parent=55"}],"curies":[{"name":"wp","href":"https:\/\/api.w.org\/{rel}","templated":true}]}}