{"id":50,"date":"2022-11-09T14:17:11","date_gmt":"2022-11-09T14:17:11","guid":{"rendered":"http:\/\/kindergruppefh-erlangen.de\/?page_id=50"},"modified":"2023-05-09T13:11:12","modified_gmt":"2023-05-09T13:11:12","slug":"unser-angebot","status":"publish","type":"page","link":"http:\/\/kindergruppefh-erlangen.de\/startseite\/unser-angebot\/","title":{"rendered":"Sozialtherapeutische Schwerpunkte"},"content":{"rendered":"\n<p><\/p>\n\n\n\n<p>Je nach individuellem Bedarf der Kinder und Jugendlichen finden sozialtherapeutische Einzelangebote statt. In diesen k\u00f6nnen die Kinder das Erlebte aufarbeiten oder auch verarbeiten. Aktuell sind wir jeweils in den Bereichen der <a href=\"http:\/\/kindergruppefh-erlangen.de\/spieltherapie\/\"><em>personzentrierte<\/em> <em>Spieltherapie und Beratung<\/em><\/a> , <a href=\"http:\/\/kindergruppefh-erlangen.de\/tonfeldtherapie\/\"><em>Arbeit am Tonfeld<\/em><\/a>, <em><a href=\"http:\/\/kindergruppefh-erlangen.de\/naturpaedagogik\/\">Umwelt- bzw. Naturp\u00e4dagogik<\/a><\/em> und \u00e4sthetischen-kulturellen P\u00e4dagogikangeboten fortgebildet. <\/p>\n","protected":false},"excerpt":{"rendered":"<p>Je nach individuellem Bedarf der Kinder und Jugendlichen finden sozialtherapeutische Einzelangebote statt. In diesen k\u00f6nnen die Kinder das Erlebte aufarbeiten oder auch verarbeiten. Aktuell sind wir jeweils in den Bereichen der personzentrierte Spieltherapie und Beratung , Arbeit am Tonfeld, Umwelt- bzw. Naturp\u00e4dagogik und \u00e4sthetischen-kulturellen P\u00e4dagogikangeboten fortgebildet.<\/p>\n","protected":false},"author":1,"featured_media":0,"parent":0,"menu_order":0,"comment_status":"closed","ping_status":"closed","template":"","meta":{"footnotes":""},"class_list":["post-50","page","type-page","status-publish","hentry"],"yoast_head":"<!-- This site is optimized with the Yoast SEO plugin v25.6 - https:\/\/yoast.com\/wordpress\/plugins\/seo\/ -->\n<title>Sozialtherapeutische Schwerpunkte - JugendKinderHaus FH e.V.<\/title>\n<meta name=\"description\" content=\"Je nach individuellem Bedarf der Kinder und Jugendlichen finden sozialtherapeutische Einzelangebote statt, je nach individuellem Bedarf der Kinder und Jugendlichen.\" \/>\n<meta name=\"robots\" content=\"index, follow, max-snippet:-1, max-image-preview:large, max-video-preview:-1\" \/>\n<link rel=\"canonical\" href=\"http:\/\/kindergruppefh-erlangen.de\/startseite\/unser-angebot\/\" \/>\n<meta property=\"og:locale\" content=\"de_DE\" \/>\n<meta property=\"og:type\" content=\"article\" \/>\n<meta property=\"og:title\" content=\"Sozialtherapeutische Schwerpunkte - JugendKinderHaus FH e.V.\" \/>\n<meta property=\"og:description\" content=\"Je nach individuellem Bedarf der Kinder und Jugendlichen finden sozialtherapeutische Einzelangebote statt, je nach individuellem Bedarf der Kinder und Jugendlichen.\" \/>\n<meta property=\"og:url\" content=\"http:\/\/kindergruppefh-erlangen.de\/startseite\/unser-angebot\/\" \/>\n<meta property=\"og:site_name\" content=\"JugendKinderHaus FH e.V.\" \/>\n<meta property=\"article:modified_time\" content=\"2023-05-09T13:11:12+00:00\" \/>\n<meta name=\"twitter:card\" content=\"summary_large_image\" \/>\n<script type=\"application\/ld+json\" class=\"yoast-schema-graph\">{\"@context\":\"https:\/\/schema.org\",\"@graph\":[{\"@type\":\"WebPage\",\"@id\":\"http:\/\/kindergruppefh-erlangen.de\/startseite\/unser-angebot\/\",\"url\":\"http:\/\/kindergruppefh-erlangen.de\/startseite\/unser-angebot\/\",\"name\":\"Sozialtherapeutische Schwerpunkte - JugendKinderHaus FH e.V.\",\"isPartOf\":{\"@id\":\"http:\/\/kindergruppefh-erlangen.de\/startseite\/#website\"},\"datePublished\":\"2022-11-09T14:17:11+00:00\",\"dateModified\":\"2023-05-09T13:11:12+00:00\",\"description\":\"Je nach individuellem Bedarf der Kinder und Jugendlichen finden sozialtherapeutische Einzelangebote statt, je nach individuellem Bedarf der Kinder und Jugendlichen.\",\"breadcrumb\":{\"@id\":\"http:\/\/kindergruppefh-erlangen.de\/startseite\/unser-angebot\/#breadcrumb\"},\"inLanguage\":\"de-DE\",\"potentialAction\":[{\"@type\":\"ReadAction\",\"target\":[\"http:\/\/kindergruppefh-erlangen.de\/startseite\/unser-angebot\/\"]}]},{\"@type\":\"BreadcrumbList\",\"@id\":\"http:\/\/kindergruppefh-erlangen.de\/startseite\/unser-angebot\/#breadcrumb\",\"itemListElement\":[{\"@type\":\"ListItem\",\"position\":1,\"name\":\"Startseite\",\"item\":\"http:\/\/kindergruppefh-erlangen.de\/startseite\/\"},{\"@type\":\"ListItem\",\"position\":2,\"name\":\"Sozialtherapeutische Schwerpunkte\"}]},{\"@type\":\"WebSite\",\"@id\":\"http:\/\/kindergruppefh-erlangen.de\/startseite\/#website\",\"url\":\"http:\/\/kindergruppefh-erlangen.de\/startseite\/\",\"name\":\"JugendKinderHaus FH e.V.\",\"description\":\"\",\"potentialAction\":[{\"@type\":\"SearchAction\",\"target\":{\"@type\":\"EntryPoint\",\"urlTemplate\":\"http:\/\/kindergruppefh-erlangen.de\/startseite\/?s={search_term_string}\"},\"query-input\":{\"@type\":\"PropertyValueSpecification\",\"valueRequired\":true,\"valueName\":\"search_term_string\"}}],\"inLanguage\":\"de-DE\"}]}<\/script>\n<!-- \/ Yoast SEO plugin. -->","yoast_head_json":{"title":"Sozialtherapeutische Schwerpunkte - JugendKinderHaus FH e.V.","description":"Je nach individuellem Bedarf der Kinder und Jugendlichen finden sozialtherapeutische Einzelangebote statt, je nach individuellem Bedarf der Kinder und Jugendlichen.","robots":{"index":"index","follow":"follow","max-snippet":"max-snippet:-1","max-image-preview":"max-image-preview:large","max-video-preview":"max-video-preview:-1"},"canonical":"http:\/\/kindergruppefh-erlangen.de\/startseite\/unser-angebot\/","og_locale":"de_DE","og_type":"article","og_title":"Sozialtherapeutische Schwerpunkte - JugendKinderHaus FH e.V.","og_description":"Je nach individuellem Bedarf der Kinder und Jugendlichen finden sozialtherapeutische Einzelangebote statt, je nach individuellem Bedarf der Kinder und Jugendlichen.","og_url":"http:\/\/kindergruppefh-erlangen.de\/startseite\/unser-angebot\/","og_site_name":"JugendKinderHaus FH e.V.","article_modified_time":"2023-05-09T13:11:12+00:00","twitter_card":"summary_large_image","schema":{"@context":"https:\/\/schema.org","@graph":[{"@type":"WebPage","@id":"http:\/\/kindergruppefh-erlangen.de\/startseite\/unser-angebot\/","url":"http:\/\/kindergruppefh-erlangen.de\/startseite\/unser-angebot\/","name":"Sozialtherapeutische Schwerpunkte - JugendKinderHaus FH e.V.","isPartOf":{"@id":"http:\/\/kindergruppefh-erlangen.de\/startseite\/#website"},"datePublished":"2022-11-09T14:17:11+00:00","dateModified":"2023-05-09T13:11:12+00:00","description":"Je nach individuellem Bedarf der Kinder und Jugendlichen finden sozialtherapeutische Einzelangebote statt, je nach individuellem Bedarf der Kinder und Jugendlichen.","breadcrumb":{"@id":"http:\/\/kindergruppefh-erlangen.de\/startseite\/unser-angebot\/#breadcrumb"},"inLanguage":"de-DE","potentialAction":[{"@type":"ReadAction","target":["http:\/\/kindergruppefh-erlangen.de\/startseite\/unser-angebot\/"]}]},{"@type":"BreadcrumbList","@id":"http:\/\/kindergruppefh-erlangen.de\/startseite\/unser-angebot\/#breadcrumb","itemListElement":[{"@type":"ListItem","position":1,"name":"Startseite","item":"http:\/\/kindergruppefh-erlangen.de\/startseite\/"},{"@type":"ListItem","position":2,"name":"Sozialtherapeutische Schwerpunkte"}]},{"@type":"WebSite","@id":"http:\/\/kindergruppefh-erlangen.de\/startseite\/#website","url":"http:\/\/kindergruppefh-erlangen.de\/startseite\/","name":"JugendKinderHaus FH e.V.","description":"","potentialAction":[{"@type":"SearchAction","target":{"@type":"EntryPoint","urlTemplate":"http:\/\/kindergruppefh-erlangen.de\/startseite\/?s={search_term_string}"},"query-input":{"@type":"PropertyValueSpecification","valueRequired":true,"valueName":"search_term_string"}}],"inLanguage":"de-DE"}]}},"_links":{"self":[{"href":"http:\/\/kindergruppefh-erlangen.de\/startseite\/wp-json\/wp\/v2\/pages\/50"}],"collection":[{"href":"http:\/\/kindergruppefh-erlangen.de\/startseite\/wp-json\/wp\/v2\/pages"}],"about":[{"href":"http:\/\/kindergruppefh-erlangen.de\/startseite\/wp-json\/wp\/v2\/types\/page"}],"author":[{"embeddable":true,"href":"http:\/\/kindergruppefh-erlangen.de\/startseite\/wp-json\/wp\/v2\/users\/1"}],"replies":[{"embeddable":true,"href":"http:\/\/kindergruppefh-erlangen.de\/startseite\/wp-json\/wp\/v2\/comments?post=50"}],"version-history":[{"count":17,"href":"http:\/\/kindergruppefh-erlangen.de\/startseite\/wp-json\/wp\/v2\/pages\/50\/revisions"}],"predecessor-version":[{"id":140,"href":"http:\/\/kindergruppefh-erlangen.de\/startseite\/wp-json\/wp\/v2\/pages\/50\/revisions\/140"}],"wp:attachment":[{"href":"http:\/\/kindergruppefh-erlangen.de\/startseite\/wp-json\/wp\/v2\/media?parent=50"}],"curies":[{"name":"wp","href":"https:\/\/api.w.org\/{rel}","templated":true}]}}

<p></p>



<p>Je nach individuellem Bedarf der Kinder und Jugendlichen finden sozialtherapeutische Einzelangebote statt. In diesen können die Kinder das Erlebte aufarbeiten oder auch verarbeiten. Aktuell sind wir jeweils in den Bereichen der <a href="http://kindergruppefh-erlangen.de/spieltherapie/"><em>personzentrierte</em> <em>Spieltherapie und Beratung</em></a> , <a href="http://kindergruppefh-erlangen.de/tonfeldtherapie/"><em>Arbeit am Tonfeld</em></a>, <em><a href="http://kindergruppefh-erlangen.de/naturpaedagogik/">Umwelt- bzw. Naturpädagogik</a></em> und ästhetischen-kulturellen Pädagogikangeboten fortgebildet. </p>

<p>Je nach individuellem Bedarf der Kinder und Jugendlichen finden sozialtherapeutische Einzelangebote statt. In diesen können die Kinder das Erlebte aufarbeiten oder auch verarbeiten. Aktuell sind wir jeweils in den Bereichen der personzentrierte Spieltherapie und Beratung , Arbeit am Tonfeld, Umwelt- bzw. Naturpädagogik und ästhetischen-kulturellen Pädagogikangeboten fortgebildet.</p>
